 greatest common factor of 10 and v?
10
Suppose -p - 14 + 46 = 0. Suppose -12 = -3*b + j, -5*b + b - 4*j = -p. Suppose -b*u + 3 = -2. Calculate the greatest common divisor of u and 9.
1
Let i = 849 + -90. Calculate the greatest common divisor of i and 23.
23
Let f = 139 + -131. Calculate the greatest common divisor of 88 and f.
8
Let s be 110/(-4)*(5 - 7). Let z = 11 - -22. Suppose -11*f = -8*f - z. Calculate the highest common factor of s and f.
11
Let x = 48 - 44. Suppose 489 = x*k - 375. What is the highest common divisor of k and 27?
27
Let q(a) = -17*a - 117. Let x be q(-8). Let j(s) = -21*s - 10. Let w be j(-5). Calculate the greatest common factor of x and w.
19
Let x be (-192)/(-33) - (-2)/11. Suppose -x*j = -95 - 103. What is the highest common factor of j and 22?
11
Let c(p) = -2*p - 18*p - 9 + 15. Let r be c(-2). What is the highest common divisor of 184 and r?
46
Let j(u) = u**3 - 4*u**2 - 6*u + 19. Let l be j(5). Suppose -2*p + 71 + 27 = 0. Calculate the greatest common divisor of l and p.
7
Suppose -5*w + 2*z + 1090 = -w, -5*z - 525 = -2*w. What is the highest common divisor of 55 and w?
55
Let p(c) = 4*c + 10. Let w = -4 + 9. Let g be p(w). Calculate the greatest common factor of g and 6.
6
Let b = 1 - -14. Let p(n) = 3*n**2 - 7*n - 30. Let u be p(5). What is the highest common divisor of b and u?
5
Suppose 3 = -5*r + 48. What is the greatest common factor of r and 117?
9
Let v(g) = -69*g + 85. Let f be v(1). What is the greatest common factor of 2784 and f?
16
Let i be (6/18)/((-7)/(-168)). Calculate the greatest common divisor of 216 and i.
8
Let y = 99 + -99. Suppose y = 6*s - 223 - 47. Calculate the highest common factor of s and 5.
5
Let p = -1291 + 1297. Calculate the highest common factor of p and 96.
6
Let t = 4 - 0. Let j be t*4 + (1 - 3). Let k be (-3 - 114/(-42))/((-1)/7). Calculate the highest common factor of k and j.
2
Let t be (-90)/(-25) + 2/5. Suppose -4*v + 46 = 3*u - 0*v, t*u - 60 = -5*v. What is the highest common divisor of 10 and u?
10
Suppose -2*z + 278 - 10 = -2*p, 3*z - 410 = -p. What is the greatest common divisor of z and 68?
68
Let c = -26 - -18. Let f be c/(-2) + (-4 - -3)*3. Calculate the greatest common factor of f and 8.
1
Suppose -q - 1 = 0, 6*r + 2*q - 214 = 3*r. Calculate the greatest common factor of r and 90.
18
Let j(w) = 9*w + 19. Let h be j(-3). Let l = h - -29. What is the highest common divisor of 63 and l?
21
Let q be (2 - 21)*(-5 - (-9 - -5)). Calculate the greatest common factor of q and 38.
19
Let s = -79 + 786. Calculate the highest common factor of s and 7.
7
Let j be (-1)/((-1)/((-2)/(-2))). Let p = 3 + j. Let y = p + 15. What is the highest common divisor of y and 152?
19
Suppose 0 = -d + 4*d. Suppose 4*o = -4*n, 3*n - 20 = 2*o - d*o. Suppose n*c - 36 = -g, 1 = -2*c - 1. Calculate the highest common divisor of g and 10.
10
Let a be ((-14)/3 - -5)/((-4)/(-12)). What is the highest common factor of 115 and a?
1
Let h(w) = -w**2 + 11*w - 29. Let p be h(5). Let c = 33 - p. What is the greatest common factor of c and 4?
4
Let h(a) = 96*a - 958. Let y be h(10). Calculate the highest common divisor of 7 and y.
1
Let x(v) = 41*v - 97. Let w be x(9). What is the highest common divisor of w and 17?
17
Let a = 30 - 14. What is the greatest common divisor of 16 and a?
16
Let g be 7*(4 - (-2 + 5)). Let t(y) = -y**2 + 3*y**2 - y**2 - 4. Let q be t(g). What is the greatest common divisor of 15 and q?
15
Suppose 60*z - 21*z = 1989. What is the highest common factor of 102 and z?
51
Suppose -12*w - 212 = -16*w + 4*c, -5*c = w - 47. Calculate the greatest common factor of 16 and w.
4
Suppose -2*s + 113 = -29. Suppose 145 + s = 8*h. Calculate the highest common factor of 18 and h.
9
Let a = 134 + -127. What is the greatest common factor of a and 28?
7
Let c(y) = 2*y**2 - 1. Let g be c(-5). Let m = 393 - 386. What is the greatest common factor of g and m?
7
Let a(c) = -2*c**2 - 9*c - 11. Let o be a(-11). Let b = 216 + o. Calculate the greatest common factor of 31 and b.
31
Let a = -172 - -220. Calculate the highest common divisor of a and 64.
16
Let z(u) = -u + 4. Let a be z(3). Let x = -74 - -68. Let h be (7/(-21))/(a/x). What is the greatest common factor of 2 and h?
2
Let f be 2/(-9) + ((-5948)/(-36) - -3). Suppose 3*i - 2*l - 168 = 0, 0*i - 5*l = 3*i - f. What is the highest common divisor of i and 140?
28
Let k(u) = -10*u + 7. Let h be k(-5). Let b = 313 - 294. Calculate the highest common divisor of b and h.
19
Suppose 148*f - 52 = 147*f. What is the greatest common factor of 832 and f?
52
Suppose 7*y - 12*y = -125. Let o be (-324)/8*(-1 - -7). Let j = -143 - o. Calculate the highest common factor of j and y.
25
Let q be ((-4)/(-7))/(6/21). Let i(d) = -d**3 + 2*d**2 + 4*d - 3. Let r be i(q). Calculate the greatest common divisor of 35 and r.
5
Suppose 5*f - 271 = 5*v - 21, 0 = 5*f - 3*v - 246. What is the highest common divisor of f and 60?
12
Let v be (0/2)/(2/8*12). Suppose -4*g - 3*f + 60 + 68 = v, g + 2*f - 32 = 0. What is the highest common divisor of g and 4?
4
Let f(g) = -2*g**3 + g. Let v be f(-1). Let u(n) = -26*n**2 - 3*n + 2. Let r be u(v). Let d be (3 + r/6)*-60. Calculate the highest common factor of 30 and d.
30
Let o(t) = -3*t**3 - 5*t**2 - 3*t - 1. Let i be o(-3). Suppose -4*n + 6*n = i. Suppose 2*m = -3*m + 275. What is the highest common divisor of n and m?
11
Let u(k) = -3*k + 10. Let q(w) = -w**2 - 7*w - 6. Let h be q(-7). Let r be u(h). Let p be 0 - 0 - 14/(-1). What is the greatest common factor of p and r?
14
Suppose -3*v - p + 15 + 0 = 0, 0 = -2*v + p + 15. What is the greatest common divisor of v and 138?
6
Suppose 71 - 8 = 3*l. Let j be 31/(-3) - 14/l. Let x = j - -19. What is the highest common divisor of 64 and x?
8
Suppose -2*g = s - 89, 26*g = 31*g + 3*s - 222. What is the greatest common factor of g and 150?
15
Suppose -2*t + 8 = -2*n - 0*t, 3*t = 15. Suppose n = i - 6. Suppose 2*c + 192 = 4*s - 2*c, -5*c + 103 = 2*s. Calculate the greatest common factor of i and s.
7
Let r = 34 + -4. Suppose 0 = 9*h + 527 - 2957. Calculate the highest common factor of r and h.
30
Suppose 2*n - 5*s + 10 = 3*n, 3*s = -n + 6. Suppose -3*d - 20 - 4 = n. Let y = 23 + d. Calculate the highest common factor of 165 and y.
15
Suppose -z = 3*q - 7 - 3, -5*q = -4*z + 6. Suppose m + q = 2*l, 0 = m + 4*l + l - 26. Calculate the greatest common divisor of 24 and m.
6
Suppose -15 = 5*l - 2*l, -36 = -o + 2*l. Let k = -32 - -45. What is the greatest common factor of k and o?
13
Let w = 11 + 6. Let q be 36/5*220/88 - 1. Calculate the highest common divisor of w and q.
17
Let p(i) = i**2 + 10*i + 9. Let o be p(-11). What is the highest common divisor of 290 and o?
10
Let t = -13 - -18. Suppose -5*f = -5*v, 1 + 3 = t*f - 3*v. Let q be 9 + 1/(f/(-6)). What is the greatest common factor of q and 6?
6
Let n = -29 - -79. Suppose 30*j - 680 = 10*j. Let g = n - j. Calculate the greatest common factor of 16 and g.
16
Suppose d - 2 = 2*t, 2*d - 14 = -2*t - d. Let s(x) = 56*x**2 + x - 2. Let l be s(t). Calculate the greatest common divisor of 22 and l.
11
Let l be (-11)/((-165)/(-18))*-65. What is the highest common factor of l and 169?
13
Suppose -16 + 346 = 5*y. What is the highest common divisor of y and 44?
22
Let d = -17 + 34. Let n = 64 + -30. What is the greatest common factor of n and d?
17
Suppose -11*z + 9*z = -760. Suppose -h + 3*h - k = z, 0 = h - 4*k - 197. Calculate the highest common factor of 27 and h.
27
Let c be (315/(-21))/((-1)/20). Calculate the greatest common divisor of 48 and c.
12
Suppose -13*u = -9*u - 2352. What is the greatest common factor of 12 and u?
12
Let b be 5312/240 + 6/(-45). What is the greatest common divisor of 32 and b?
2
Let p = 23 + -21. Let f(u) = 6*u + 1. Let h be f(p). Calculate the greatest common divisor of 39 and h.
13
Let m(a) = 5*a + 2. Suppose 0 = -v - 4*w - 11, -5*v - 2*w = -4*w - 33. Let u be m(v). What is the highest common factor of 27 and u?
27
Suppose -2*t + 84 + 12 = 0. Suppose -4*h + 44 = -3*r - 23, 2*r + 66 = 4*h. Calculate the greatest common factor of t and h.
16
Suppose -45*o + 50*o = -10. Let j be o + -2 + 72 + (-14)/7. Calculate the highest common divisor of 22 and j.
22
Let q = 1246 + -970. What is the greatest common divisor of q and 6